{"id":217,"date":"2023-01-20T17:21:38","date_gmt":"2023-01-20T15:21:38","guid":{"rendered":"https:\/\/porvoonurheilijat.fi\/jvoimistelu\/?page_id=217"},"modified":"2024-08-03T17:40:16","modified_gmt":"2024-08-03T14:40:16","slug":"adisa-kilpailutuloksia","status":"publish","type":"page","link":"https:\/\/porvoonurheilijat.fi\/jvoimistelu\/adisa-kilpailutuloksia\/","title":{"rendered":"Adisa kilpailutuloksia"},"content":{"rendered":"\n<p class=\"has-small-font-size\"><br><em>Syksy 2018 \u2013 Stara kilpailut vapaaohjelma<\/em><br><br><em>Kev\u00e4t 2019 \u2013 Stara kilpailut vapaaohjelma<\/em><br><br><em>Syksy 2019 \u2013 Stara kilpailut naruohjelma<\/em><\/p>\n\n\n\n<p class=\"has-small-font-size\"><em>Kev\u00e4t 2020 \u2013 koronan takia kev\u00e4\u00e4n kisat siirtyiv\u00e4t syksylle 2020<\/em><br><br><em>Syksy 2020 \u2013 8-10-vuotiaiden sarja vapaaohjelma<\/em><br>\u2013 SyysCup, Hyvink\u00e4\u00e4 \u2013 kategoria 7<br>\u2013 Elise Cup, Helsinki \u2013 kategoria 8<br>\u2013 Espoo Cup, Espoo \u2013 kategoria 4<br>\u2013 Attitude Cup, Vantaa \u2013 kategoria 5<\/p>\n\n\n\n<p class=\"has-small-font-size\"><em>Kev\u00e4t 2021 \u2013 Kilpa-Pantterit, 8-10-vuotiaiden sarja vapaaohjelma<\/em>&nbsp;ONLINE-KISAT<br>\u2013 Aktia Cup \u2013 kategoria 7<br>\u2013 Kello Cup \u2013 kategoria 6<br>\u2013 Hyvink\u00e4\u00e4 Cup \u2013 kategoria 5<br>\u2013 HJM Cup \u2013 kategoria 5<br>\u2013 Mustan Kissan Cup \u2013 kategoria 6<\/p>\n\n\n\n<p class=\"has-small-font-size\"><em>Syksy 2021 \u2013 Belliina, 8-10-vuotiaiden sarja pallo-ohjelma<\/em><br>\u2013 Elise Cup \u2013 kategoria 4<br>\u2013 Espoo Cup \u2013 kategoria 6<br>\u2013 Vantaa Cup, kategoria 5<\/p>\n\n\n\n<p class=\"has-small-font-size\"><em>Kev\u00e4t 2022 \u2013 Belliina, 8-10-vuotiaiden sarja vapaaohjelma<\/em><br>\u2013 KirkU Cup \u2013 kategoria 5<br>\u2013 PNV Cup \u2013 kategoria 6<br>\u2013 OVO Cup \u2013 kategoria 6<br>\u2013 Vantaa Cup \u2013 kategoria 5<\/p>\n\n\n\n<p class=\"has-small-font-size\"><em>Syksy 2022 \u2013 Adisa, 8-10-vuotiaiden sarja naruohjelma<\/em><br>&#8211; SyysCup &#8211; kategoria 4<br>&#8211; PNV Cup &#8211; kategoria 5<br>&#8211; Espoo Cup &#8211; kategoria 4<\/p>\n\n\n\n<p class=\"has-small-font-size\"><em>Kev\u00e4t 2023 &#8211; Adisa, 8-10-vuotiaiden sarja vapaaohjelma<\/em><br>&#8211; SC Vantaa Cup &#8211; kategoria 3<br>&#8211; PNV Cup &#8211; kategoria 4<br>&#8211; OVO Cup &#8211; kategoria 3<br>&#8211; KirkU Cup &#8211; kategoria 4 + kunniamaininta<\/p>\n\n\n\n<p style=\"font-size:clamp(14px, 0.875rem + ((1vw - 3.2px) * 0.227), 16px);\"><em>Syksy 2023 &#8211; Adisa, 8-10-vuotiaiden sarja pallo-ohjelma<\/em><br>&#8211; PNV Cup &#8211; kategoria 3<br>&#8211; SyysCup &#8211; kategoria 4<br>&#8211; H\u00e4meenlinna Cup &#8211; kategoria 3<br>&#8211; Espoo Cup &#8211; kategoria 2 + kunniamaininta (sija 2.\/20 joukkuetta)<\/p>\n\n\n\n<p class=\"has-small-font-size\"><em>Kev\u00e4t 2024 &#8211; Adisa, 10-12-vuotiaiden sarja vapaaohjelma<\/em><br>&#8211; Mustan Kissan Cup &#8211; kategoria 4<br>&#8211; Tapanila Cup &#8211; kategoria 4<br>&#8211; PNV Cup &#8211; kategoria 3<br>&#8211; Forssa Cup &#8211; kategoria 3, sija 3.\/7 joukkuetta<\/p>\n","protected":false},"excerpt":{"rendered":"<p>Syksy 2018 \u2013 Stara kilpailut vapaaohjelma Kev\u00e4t 2019 \u2013 Stara kilpailut vapaaohjelma Syksy 2019 \u2013 Stara kilpailut naruohjelma Kev\u00e4t 2020 \u2013 koronan takia kev\u00e4\u00e4n kisat siirtyiv\u00e4t syksylle 2020 Syksy 2020 \u2013 8-10-vuotiaiden sarja vapaaohjelma\u2013 SyysCup, Hyvink\u00e4\u00e4 \u2013 kategoria 7\u2013 Elise Cup, Helsinki \u2013 kategoria 8\u2013 Espoo Cup, Espoo \u2013 kategoria 4\u2013 Attitude Cup, Vantaa \u2013 [&hellip;]<\/p>\n","protected":false},"author":11,"featured_media":0,"parent":0,"menu_order":0,"comment_status":"closed","ping_status":"closed","template":"","meta":{"footnotes":""},"class_list":["post-217","page","type-page","status-publish","hentry"],"_links":{"self":[{"href":"https:\/\/porvoonurheilijat.fi\/jvoimistelu\/wp-json\/wp\/v2\/pages\/217","targetHints":{"allow":["GET"]}}],"collection":[{"href":"https:\/\/porvoonurheilijat.fi\/jvoimistelu\/wp-json\/wp\/v2\/pages"}],"about":[{"href":"https:\/\/porvoonurheilijat.fi\/jvoimistelu\/wp-json\/wp\/v2\/types\/page"}],"author":[{"embeddable":true,"href":"https:\/\/porvoonurheilijat.fi\/jvoimistelu\/wp-json\/wp\/v2\/users\/11"}],"replies":[{"embeddable":true,"href":"https:\/\/porvoonurheilijat.fi\/jvoimistelu\/wp-json\/wp\/v2\/comments?post=217"}],"version-history":[{"count":7,"href":"https:\/\/porvoonurheilijat.fi\/jvoimistelu\/wp-json\/wp\/v2\/pages\/217\/revisions"}],"predecessor-version":[{"id":614,"href":"https:\/\/porvoonurheilijat.fi\/jvoimistelu\/wp-json\/wp\/v2\/pages\/217\/revisions\/614"}],"wp:attachment":[{"href":"https:\/\/porvoonurheilijat.fi\/jvoimistelu\/wp-json\/wp\/v2\/media?parent=217"}],"curies":[{"name":"wp","href":"https:\/\/api.w.org\/{rel}","templated":true}]}}