{"id":225,"date":"2023-01-20T17:30:58","date_gmt":"2023-01-20T15:30:58","guid":{"rendered":"https:\/\/porvoonurheilijat.fi\/jvoimistelu\/?page_id=225"},"modified":"2024-08-03T17:43:55","modified_gmt":"2024-08-03T14:43:55","slug":"belliina-kilpailutuloksia","status":"publish","type":"page","link":"https:\/\/porvoonurheilijat.fi\/jvoimistelu\/belliina-kilpailutuloksia\/","title":{"rendered":"Belliina kilpailutuloksia"},"content":{"rendered":"\n<p class=\"has-small-font-size\"><em>Syksy 2019 \u2013 Stara-kilpailut naruohjelma<\/em><br>\u2013 3 Stara-kilpailua t\u00e4ll\u00e4 kaudella<br><br><em>Kev\u00e4t 2020 kilpailut j\u00e4iv\u00e4t koronan takia v\u00e4list\u00e4<\/em>&nbsp;<em>ja siirtyiv\u00e4t syksylle<\/em><\/p>\n\n\n\n<p class=\"has-small-font-size\"><em>Syksy 2020 \u2013 Stara-kilpailut vapaaohjelma<\/em><br>\u2013 3 Stara-kilpailua oli tarkoitus k\u00e4yd\u00e4, mutta vain 2 ehdittiin pit\u00e4m\u00e4\u00e4n. Viimeinen kilpailu jouduttiin perumaan koronatilanteen takia.<br><br><em>Kev\u00e4t 2021 \u2013 Stara-kilpailut vapaaohjelma ONLINE-KISAT<\/em><br>\u2013 4 Stara-kilpailua<\/p>\n\n\n\n<p class=\"has-small-font-size\"><em>Syksy 2021<\/em>&nbsp;\u2013&nbsp;<em>Stellaria<\/em><br>\u2013 2 Stara-kilpailua<\/p>\n\n\n\n<p class=\"has-small-font-size\"><em>Kev\u00e4t 2022<\/em>&nbsp;\u2013&nbsp;<em>Stellaria<\/em><br>\u2013 3 Stara-kilpailua<\/p>\n\n\n\n<p class=\"has-small-font-size\"><em>Syksy 2022 \u2013 Belliina, 8-10-vuotiaiden sarja naruohjelma<\/em><br>&#8211; Vantaa Cup &#8211; STARA kisa<br>&#8211; PNV Cup &#8211; kategoria 9<br>&#8211; Espoo Cup . kategoria 8<\/p>\n\n\n\n<p class=\"has-small-font-size\"><em>Kev\u00e4t 2023 &#8211; Belliina, 8-10-vuotiaiden sarja vapaaohjelma<\/em><br>&#8211; Mustan Kissan Cup &#8211; kategoria 9<br>&#8211; SC Vantaa Cup &#8211; kategoria 8<br>&#8211; PNV Cup &#8211; kategoria 8<br>&#8211; OVO Cup &#8211; kategoria 8<\/p>\n\n\n\n<p style=\"font-size:clamp(14px, 0.875rem + ((1vw - 3.2px) * 0.227), 16px);\"><em>Syksy 2023 &#8211; Belliina, 8-10-vuotiaiden sarja pallo-ohjelma<\/em><br>&#8211; PNV Cup &#8211; kategoria 7<br>&#8211; SyysCup &#8211; kategoria 6<br>&#8211; H\u00e4meenlinna Cup &#8211; kategoria 5<br>&#8211; Espoo Cup &#8211; kategoria 5<\/p>\n\n\n\n<p class=\"has-small-font-size\"><em>Kev\u00e4t 2024 &#8211; Belliina, 10-12-vuotiaiden sarja vapaaohjelma<\/em><br>&#8211; Mustan Kissan Cup &#8211; kategoria 4<br>&#8211; HJF Cup &#8211; kategoria 4<br>&#8211; Tapanila Cup &#8211; kategoria 5<br>&#8211; PNV Cup &#8211; kategoria 4<\/p>\n","protected":false},"excerpt":{"rendered":"<p>Syksy 2019 \u2013 Stara-kilpailut naruohjelma\u2013 3 Stara-kilpailua t\u00e4ll\u00e4 kaudella Kev\u00e4t 2020 kilpailut j\u00e4iv\u00e4t koronan takia v\u00e4list\u00e4&nbsp;ja siirtyiv\u00e4t syksylle Syksy 2020 \u2013 Stara-kilpailut vapaaohjelma\u2013 3 Stara-kilpailua oli tarkoitus k\u00e4yd\u00e4, mutta vain 2 ehdittiin pit\u00e4m\u00e4\u00e4n. Viimeinen kilpailu jouduttiin perumaan koronatilanteen takia. Kev\u00e4t 2021 \u2013 Stara-kilpailut vapaaohjelma ONLINE-KISAT\u2013 4 Stara-kilpailua Syksy 2021&nbsp;\u2013&nbsp;Stellaria\u2013 2 Stara-kilpailua Kev\u00e4t 2022&nbsp;\u2013&nbsp;Stellaria\u2013 3 Stara-kilpailua [&hellip;]<\/p>\n","protected":false},"author":11,"featured_media":0,"parent":0,"menu_order":0,"comment_status":"closed","ping_status":"closed","template":"","meta":{"footnotes":""},"class_list":["post-225","page","type-page","status-publish","hentry"],"_links":{"self":[{"href":"https:\/\/porvoonurheilijat.fi\/jvoimistelu\/wp-json\/wp\/v2\/pages\/225","targetHints":{"allow":["GET"]}}],"collection":[{"href":"https:\/\/porvoonurheilijat.fi\/jvoimistelu\/wp-json\/wp\/v2\/pages"}],"about":[{"href":"https:\/\/porvoonurheilijat.fi\/jvoimistelu\/wp-json\/wp\/v2\/types\/page"}],"author":[{"embeddable":true,"href":"https:\/\/porvoonurheilijat.fi\/jvoimistelu\/wp-json\/wp\/v2\/users\/11"}],"replies":[{"embeddable":true,"href":"https:\/\/porvoonurheilijat.fi\/jvoimistelu\/wp-json\/wp\/v2\/comments?post=225"}],"version-history":[{"count":6,"href":"https:\/\/porvoonurheilijat.fi\/jvoimistelu\/wp-json\/wp\/v2\/pages\/225\/revisions"}],"predecessor-version":[{"id":617,"href":"https:\/\/porvoonurheilijat.fi\/jvoimistelu\/wp-json\/wp\/v2\/pages\/225\/revisions\/617"}],"wp:attachment":[{"href":"https:\/\/porvoonurheilijat.fi\/jvoimistelu\/wp-json\/wp\/v2\/media?parent=225"}],"curies":[{"name":"wp","href":"https:\/\/api.w.org\/{rel}","templated":true}]}}