{"id":607,"date":"2024-08-03T17:32:44","date_gmt":"2024-08-03T14:32:44","guid":{"rendered":"https:\/\/porvoonurheilijat.fi\/jvoimistelu\/?page_id=607"},"modified":"2025-05-17T22:01:57","modified_gmt":"2025-05-17T19:01:57","slug":"fiona","status":"publish","type":"page","link":"https:\/\/porvoonurheilijat.fi\/jvoimistelu\/fiona\/","title":{"rendered":"Fiona"},"content":{"rendered":"\n<figure class=\"wp-block-image size-large\"><img loading=\"lazy\" decoding=\"async\" width=\"1024\" height=\"768\" src=\"https:\/\/porvoonurheilijat.fi\/jvoimistelu\/wp-content\/uploads\/sites\/5\/2024\/11\/Fiona-syksy-2024-1024x768.jpg\" alt=\"\" class=\"wp-image-650\" srcset=\"https:\/\/porvoonurheilijat.fi\/jvoimistelu\/wp-content\/uploads\/sites\/5\/2024\/11\/Fiona-syksy-2024-1024x768.jpg 1024w, https:\/\/porvoonurheilijat.fi\/jvoimistelu\/wp-content\/uploads\/sites\/5\/2024\/11\/Fiona-syksy-2024-300x225.jpg 300w, https:\/\/porvoonurheilijat.fi\/jvoimistelu\/wp-content\/uploads\/sites\/5\/2024\/11\/Fiona-syksy-2024-768x576.jpg 768w, https:\/\/porvoonurheilijat.fi\/jvoimistelu\/wp-content\/uploads\/sites\/5\/2024\/11\/Fiona-syksy-2024-1536x1152.jpg 1536w, https:\/\/porvoonurheilijat.fi\/jvoimistelu\/wp-content\/uploads\/sites\/5\/2024\/11\/Fiona-syksy-2024.jpg 1920w\" sizes=\"auto, (max-width: 1024px) 100vw, 1024px\" \/><figcaption class=\"wp-element-caption\">Fiona syksyll\u00e4 2024<\/figcaption><\/figure>\n\n\n\n<p>Fiona -joukkue luotiin syksylle 2024 kahdesta seuran kev\u00e4\u00e4n 10-12v joukkueen tyt\u00f6ist\u00e4. Fiona kilpailee 10-12-vuotiaiden sarjassa vapaaohjelmalla kev\u00e4\u00e4ll\u00e4 2025. Joukkueessa on voimistelee 9 tytt\u00f6\u00e4 (synt. 2013-2014) ja he harjoittelevat 3x \/ viikko 2,5h kerrallaan. Joukkueen vastuuvalmentajana toimii Saija Turunen ja toisena valmentajana Julia Laaksonen. Joukkueen kev\u00e4\u00e4n 2025 vapaaohjelman koreografian on tehnyt Mira Syrj\u00e4l\u00e4.<\/p>\n\n\n\n<p><a href=\"https:\/\/porvoonurheilijat.fi\/jvoimistelu\/fiona-kilpailutuloksia\/\" data-type=\"page\" data-id=\"609\">Fiona kilpailutuloksia<\/a><\/p>\n","protected":false},"excerpt":{"rendered":"<p>Fiona -joukkue luotiin syksylle 2024 kahdesta seuran kev\u00e4\u00e4n 10-12v joukkueen tyt\u00f6ist\u00e4. Fiona kilpailee 10-12-vuotiaiden sarjassa vapaaohjelmalla kev\u00e4\u00e4ll\u00e4 2025. Joukkueessa on voimistelee 9 tytt\u00f6\u00e4 (synt. 2013-2014) ja he harjoittelevat 3x \/ viikko 2,5h kerrallaan. Joukkueen vastuuvalmentajana toimii Saija Turunen ja toisena valmentajana Julia Laaksonen. Joukkueen kev\u00e4\u00e4n 2025 vapaaohjelman koreografian on tehnyt Mira Syrj\u00e4l\u00e4. Fiona kilpailutuloksia<\/p>\n","protected":false},"author":12,"featured_media":0,"parent":0,"menu_order":0,"comment_status":"closed","ping_status":"closed","template":"","meta":{"footnotes":""},"class_list":["post-607","page","type-page","status-publish","hentry"],"_links":{"self":[{"href":"https:\/\/porvoonurheilijat.fi\/jvoimistelu\/wp-json\/wp\/v2\/pages\/607","targetHints":{"allow":["GET"]}}],"collection":[{"href":"https:\/\/porvoonurheilijat.fi\/jvoimistelu\/wp-json\/wp\/v2\/pages"}],"about":[{"href":"https:\/\/porvoonurheilijat.fi\/jvoimistelu\/wp-json\/wp\/v2\/types\/page"}],"author":[{"embeddable":true,"href":"https:\/\/porvoonurheilijat.fi\/jvoimistelu\/wp-json\/wp\/v2\/users\/12"}],"replies":[{"embeddable":true,"href":"https:\/\/porvoonurheilijat.fi\/jvoimistelu\/wp-json\/wp\/v2\/comments?post=607"}],"version-history":[{"count":5,"href":"https:\/\/porvoonurheilijat.fi\/jvoimistelu\/wp-json\/wp\/v2\/pages\/607\/revisions"}],"predecessor-version":[{"id":719,"href":"https:\/\/porvoonurheilijat.fi\/jvoimistelu\/wp-json\/wp\/v2\/pages\/607\/revisions\/719"}],"wp:attachment":[{"href":"https:\/\/porvoonurheilijat.fi\/jvoimistelu\/wp-json\/wp\/v2\/media?parent=607"}],"curies":[{"name":"wp","href":"https:\/\/api.w.org\/{rel}","templated":true}]}}