{"id":736,"date":"2025-08-14T20:10:27","date_gmt":"2025-08-14T17:10:27","guid":{"rendered":"https:\/\/porvoonurheilijat.fi\/jvoimistelu\/?page_id=736"},"modified":"2025-08-14T20:10:27","modified_gmt":"2025-08-14T17:10:27","slug":"fianna","status":"publish","type":"page","link":"https:\/\/porvoonurheilijat.fi\/jvoimistelu\/fianna\/","title":{"rendered":"Fianna"},"content":{"rendered":"\n<p>Fianna -joukkue luotiin syksylle 2025 kahdesta seuran joukkueesta. Fianna kilpailee 10-12-vuotiaiden sarjassa syksyll\u00e4 2025. Joukkueessa on voimistelee 13 tytt\u00f6\u00e4 (synt. 2013-2016) ja he harjoittelevat 3x \/ viikko 2,5h kerrallaan. Joukkueen vastuuvalmentajana toimii Saija Turunen ja muina valmentajina Julia Laaksonen sek\u00e4 Enni Toivonen. Joukkueen syksyn 2025 pallo-ohjelman koreografian on tehnyt Mira Syrj\u00e4l\u00e4.<\/p>\n\n\n\n<p><\/p>\n","protected":false},"excerpt":{"rendered":"<p>Fianna -joukkue luotiin syksylle 2025 kahdesta seuran joukkueesta. Fianna kilpailee 10-12-vuotiaiden sarjassa syksyll\u00e4 2025. Joukkueessa on voimistelee 13 tytt\u00f6\u00e4 (synt. 2013-2016) ja he harjoittelevat 3x \/ viikko 2,5h kerrallaan. Joukkueen vastuuvalmentajana toimii Saija Turunen ja muina valmentajina Julia Laaksonen sek\u00e4 Enni Toivonen. Joukkueen syksyn 2025 pallo-ohjelman koreografian on tehnyt Mira Syrj\u00e4l\u00e4.<\/p>\n","protected":false},"author":12,"featured_media":0,"parent":0,"menu_order":0,"comment_status":"closed","ping_status":"closed","template":"","meta":{"footnotes":""},"class_list":["post-736","page","type-page","status-publish","hentry"],"_links":{"self":[{"href":"https:\/\/porvoonurheilijat.fi\/jvoimistelu\/wp-json\/wp\/v2\/pages\/736","targetHints":{"allow":["GET"]}}],"collection":[{"href":"https:\/\/porvoonurheilijat.fi\/jvoimistelu\/wp-json\/wp\/v2\/pages"}],"about":[{"href":"https:\/\/porvoonurheilijat.fi\/jvoimistelu\/wp-json\/wp\/v2\/types\/page"}],"author":[{"embeddable":true,"href":"https:\/\/porvoonurheilijat.fi\/jvoimistelu\/wp-json\/wp\/v2\/users\/12"}],"replies":[{"embeddable":true,"href":"https:\/\/porvoonurheilijat.fi\/jvoimistelu\/wp-json\/wp\/v2\/comments?post=736"}],"version-history":[{"count":1,"href":"https:\/\/porvoonurheilijat.fi\/jvoimistelu\/wp-json\/wp\/v2\/pages\/736\/revisions"}],"predecessor-version":[{"id":737,"href":"https:\/\/porvoonurheilijat.fi\/jvoimistelu\/wp-json\/wp\/v2\/pages\/736\/revisions\/737"}],"wp:attachment":[{"href":"https:\/\/porvoonurheilijat.fi\/jvoimistelu\/wp-json\/wp\/v2\/media?parent=736"}],"curies":[{"name":"wp","href":"https:\/\/api.w.org\/{rel}","templated":true}]}}

<p>Fianna -joukkue luotiin syksylle 2025 kahdesta seuran joukkueesta. Fianna kilpailee 10-12-vuotiaiden sarjassa syksyllä 2025. Joukkueessa on voimistelee 13 tyttöä (synt. 2013-2016) ja he harjoittelevat 3x / viikko 2,5h kerrallaan. Joukkueen vastuuvalmentajana toimii Saija Turunen ja muina valmentajina Julia Laaksonen sekä Enni Toivonen. Joukkueen syksyn 2025 pallo-ohjelman koreografian on tehnyt Mira Syrjälä.</p>



<p></p>

<p>Fianna -joukkue luotiin syksylle 2025 kahdesta seuran joukkueesta. Fianna kilpailee 10-12-vuotiaiden sarjassa syksyllä 2025. Joukkueessa on voimistelee 13 tyttöä (synt. 2013-2016) ja he harjoittelevat 3x / viikko 2,5h kerrallaan. Joukkueen vastuuvalmentajana toimii Saija Turunen ja muina valmentajina Julia Laaksonen sekä Enni Toivonen. Joukkueen syksyn 2025 pallo-ohjelman koreografian on tehnyt Mira Syrjälä.</p>
