{"id":83,"date":"2023-01-19T15:38:18","date_gmt":"2023-01-19T13:38:18","guid":{"rendered":"https:\/\/porvoonurheilijat.fi\/jvoimistelu\/?page_id=83"},"modified":"2025-05-17T20:39:59","modified_gmt":"2025-05-17T17:39:59","slug":"eloisa-kilpailutuloksia","status":"publish","type":"page","link":"https:\/\/porvoonurheilijat.fi\/jvoimistelu\/eloisa-kilpailutuloksia\/","title":{"rendered":"Eloisa kilpailutuloksia"},"content":{"rendered":"\n<p class=\"has-small-font-size\"><br><strong><em>Kev\u00e4t 2017 \u2013 Stara-kilpailut<\/em>&nbsp;<em>vapaaohjelma<\/em><\/strong><br><br><em><strong>Syksy 2017 \u2013 10-12v pallo-ohjelma<\/strong><\/em><br>\u2013 Tapiola Cup \u2013 kategoria 10<br>\u2013 Pakila Cup \u2013 kategoria 8<br>\u2013 Espoo Cup \u2013 kategoria 7<br><br><em><strong>Kev\u00e4t 2018 \u2013 12-14v kilpasarja vapaaohjelma<\/strong><\/em><br>\u2013 Attitude Cup \u2013 kategoria 4<br>\u2013 Mustan Kissan Cup \u2013 kategoria 5<br>\u2013 HJM Cup \u2013 kategoria 4<br>\u2013 12-14v kilpasarjan mestaruuskilpailut Hyvink\u00e4\u00e4 \u2013 kategoria 4<br><em><br><strong>Syksy 2018 \u2013 12-14v kilpasarja vanneohjelma<\/strong><\/em><br>\u2013 Elise Cup \u2013 kategoria 4<br>\u2013 Lumo Cup \u2013 kategoria 4<br>\u2013 SyysCup \u2013 kategoria 4<br>\u2013 12-14v kilpasarjan v\u00e4linemestaruuskilpailut Vantaa \u2013 kategoria 6<br><em><br><strong>Kev\u00e4t 2019 \u2013 12-14v kilpasarja vapaaohjelma<\/strong><\/em><br>\u2013 Mustan Kissan Cup \u2013 kategoria 4<br>\u2013 Attitude Cup \u2013 kategoria 5<br>\u2013 HJM Cup \u2013 kategoria 2, pisteet 15,533<br>\u2013 12-14v kilpasarjan mestaruuskilpailut Espoo \u2013 alkukilpailu kat. 2, pisteet 15,800 &amp; loppukilpailu pisteet 15,400, sija 14\/15<br><br><em><strong>Syksy 2019 \u2013 12-14v kilpasarja vanneohjelma<\/strong><\/em><br>\u2013 PNV Cup, Helsinki \u2013 kategoria 3<br>\u2013 SyysCup, Hyvink\u00e4\u00e4 \u2013 kategoria 3<br>\u2013 Vantaa Cup \u2013 kategoria 4<br>\u2013 12-14v kilpasarjan v\u00e4linemestaruuskilpailut Sein\u00e4joki \u2013 kategoria 3<\/p>\n\n\n\n<p class=\"has-small-font-size\"><em><strong>Kev\u00e4t 2020 \u2013 koronan takia kev\u00e4\u00e4n kisat siirtyiv\u00e4t syksylle 2020<\/strong><br><\/em><br><em><strong>Syksy 2020 \u2013 12-14v kilpasarja vapaaohjelma<\/strong><\/em><br>\u2013 OVO Cup, Espoo \u2013 kategoria 2, pisteet 16,200, sija 2\/7<br>\u2013 SyysCup, Hyvink\u00e4\u00e4 \u2013 kategoria 1, pisteet 16,750 (sis. 0,1 tekninen bonus), sija 3\/15<br>\u2013 Elise Cup, Helsinki \u2013 kategoria 1, pisteet 17,300 (sis. 0,2 taiteellinen bonus), sija 2\/6<br>\u2013 Espoo Cup, Espoo \u2013 kategoria 1, pisteet 17,150 (sis. 0,1 tekninen bonus), sija 2\/11<br>\u2013 Kerava Cup, Kerava \u2013 kategoria 1, pisteet 17,100 (sis. 0,1 tekninen bonus), sija 1\/8<br>\u2013 Attitude Cup, Vantaa \u2013 kategoria 1, pisteet 16,950, sija 3\/18<\/p>\n\n\n\n<p class=\"has-small-font-size\"><em><strong>Kev\u00e4t 2021 \u2013 14-16v kilpasarja vapaaohjelma ONLINE-KISAT<\/strong><\/em><br>\u2013 Valtakunnallinen virtuaalikilpailu \u2013 pisteet 14,150<br>\u2013 TV Open \u2013 pisteet 14,800<br>\u2013 Lovent Cup \u2013 pisteet 16,500, sija 4\/7<\/p>\n\n\n\n<p class=\"has-small-font-size\"><em><strong>Syksy 2021 \u2013 14-16v kilpasarja pallo-ohjelma<\/strong><\/em><br>\u2013 Elise Cup \u2013 pisteet 15,300, sija 2\/4<br>\u2013 SyysCup \u2013 pisteet 14,100 (sis. -0,2 pukuv\u00e4hennys ja -0,2 rajanylitys), sija 10\/12<br>\u2013 Tapanila Cup \u2013 pisteet 15,050, sija 8\/13<br>\u2013 Kilpasarjojen v\u00e4linemestaruuskilpailut, Jyv\u00e4skyl\u00e4 \u2013 Alkukilpailu pisteet 16,117 (sis. +0,1 teknisen bonus) sija 14\/31 \u2013 Finaali pisteet 14,750. \u2013 Yhteispisteet 30,867, sija 15\/31<\/p>\n\n\n\n<p class=\"has-small-font-size\"><strong><em>Kev\u00e4t 2022 \u2013 14-16v kilpasarja vapaaohjelma<\/em><\/strong><br>\u2013 PNV Cup \u2013 pisteet 15,000, sija 11\/16<br>\u2013 Lovent Cup \u2013 jouduttiin perumaan sairastumisten takia<br>\u2013 Vantaa Cup \u2013 pisteet 15,750, sija 8\/10<br>\u2013 SC Vantaa Cup \u2013 pisteet 16,050, sija 10\/20<br>\u2013 Kilpasarjojen mestaruuskilpailut, Tampere \u2013 alkukilpailu pisteet 15,283, sija 21\/25<br><br><strong><em>Syksy 2022 \u2013 14-16v kilpa- ja harrastesarja keilaohjelma<\/em><\/strong><br>&#8211; Kerava Cup &#8211; pisteet 15,250, sija 4\/6 (kilpa)<br>&#8211; SyysCup &#8211; pisteet 15,783, sija 2\/14 (harraste)<br>&#8211; Espoo Cup &#8211; pisteet 14,417, sija 6\/10 (kilpa)<br>&#8211; V\u00e4linemestaruuskilpailut, Vantaa &#8211; alkukilpailu pisteet 15,750 (sija 13\/26, alkukilpailun 15 parasta joukkuetta p\u00e4\u00e4si finaaliin) &#8211; finaali pisteet 15,650 sija 12\/15 (kilpa)<\/p>\n\n\n\n<p class=\"has-small-font-size\"><em><strong>Kev\u00e4t 2023 &#8211; 14-16v kilpasarja ja 16-20v harrastesarja vapaaohjelma<\/strong><\/em><br>&#8211; Tapanila Cup &#8211; pisteet 15,250, sija 3\/10 (kilpa)<br>&#8211; Tapiola Cup &#8211; pisteet 16,117, sija 4\/10 (kilpa)<br>&#8211; Sisu Cup &#8211; pisteet 15,350, sija 7\/11 (kilpa)<br>&#8211; Kotka Sport Cup &#8211; pisteet 16,200, sija 4\/11 (harraste)<br>&#8211; Elise Cup &#8211; pisteet 16,933, sija 2\/8 (harraste)<br>&#8211; OVO Cup &#8211; pisteet 15,433, sija 4\/7 (kilpa)<br>&#8211; Kilpasarjan mestaruuskilpailut, Vantaa &#8211; alkukilpailu pisteet 16,300 (sija 12\/34, alkukilpailun 15 parasta joukkuetta p\u00e4\u00e4si finaaliin) &#8211; finaali pisteet 16,900, yhteispisteet 33,200, sija finaalissa 10\/15<\/p>\n\n\n\n<p class=\"has-small-font-size\"><strong><em>Syksy 2023 &#8211; 14-16v kilpa- ja harrastesarja keilaohjelma<\/em><\/strong><br>&#8211; PNV Cup &#8211; pisteet 15,800, sija 3\/7 (kilpa)<br>&#8211; Tapiola Cup &#8211; pisteet 16,300, sija 1\/10 (harraste)<br>&#8211; H\u00e4meenlinna Cup &#8211; pisteet 15,350, sija 6\/11 (kilpa)<br>&#8211; Espoo Cup &#8211; pisteet 17,533, sija 1\/10 (harraste)<br>&#8211; Kilpasarjan v\u00e4linemestaruuskilpailut, Sein\u00e4joki &#8211; alkukilpailu pisteet 15,300 (sija 12\/25, alkukilpailun 15 parasta joukkuetta p\u00e4\u00e4si finaaliin)- finaali pisteet 15,750, yhteispisteet 31,050, sija finaalissa 11\/15<\/p>\n\n\n\n<p class=\"has-small-font-size\"><strong><em>Kev\u00e4t 2024 &#8211; 16-18v harrastesarja vapaaohjelma<\/em><\/strong><br>&#8211; HJF Cup &#8211; pisteet 17,100, sija 1\/8<br>&#8211; Tapiola Cup &#8211; pisteet 16,400, sija 1\/5<br>&#8211; Manse Cup &#8211; pisteet 16,650, sija 1\/14<br>&#8211; Tapanila Cup &#8211; pisteet 17,733, sija 1\/7<br>&#8211; TUL avoimet mestaruuskilpailut, Turku &#8211; alkukilpailu pisteet 17,500 &#8211; finaali pisteet 17,033, yhteispisteet 34,533, sija 1\/9<\/p>\n\n\n\n<p class=\"has-small-font-size\"><strong><em>Syksy 2024 &#8211; 16-18v harrastesarja keilaohjelma<\/em><\/strong><br>&#8211; H\u00e4meenlinna Cup &#8211; pisteet 16,533, sija 1.\/6<br>&#8211; SyysCup, Hyvink\u00e4\u00e4 &#8211; pisteet 17,083, sija jaettu 1.\/11<br>&#8211; TTNV Cup, Tampere &#8211; pisteet 17,183, sija 1.\/5<br>&#8211; PNV Cup, Helsinki &#8211; pisteet 16,650, sija 1.\/10<br>&#8211; TUL V\u00e4linemestikset, Tampere (harrastesarjan mestaruuskilpailut)<br>   -alkukilpailu pisteet 16,600 &#8211; finaali pisteet 16,600, yhteispisteet 33,200, sija 1.\/13<\/p>\n\n\n\n<p class=\"has-small-font-size\"><strong><em>Kev\u00e4t 2025 &#8211; 16-18v harrastesarja vapaaohjelma<\/em><\/strong><br>&#8211; Vantaa Cup &#8211; pisteet 17,000, sija 2.\/6<br>&#8211; Elise Cup, Helsinki &#8211; pisteet 18,050, sija 2.\/10<br>&#8211; Elixiria Cup, Lemp\u00e4\u00e4l\u00e4 &#8211; pisteet 17,633, sija 1.\/7<br>&#8211; TUL Mestikset, Turku (harrastesarjan mestaruuskilpailut)<br>   &#8211; alkukilpailu pisteet 16,950 &#8211; finaali pisteet 17,150, yhteispisteet 34,100, sija 3.\/12<\/p>\n","protected":false},"excerpt":{"rendered":"<p>Kev\u00e4t 2017 \u2013 Stara-kilpailut&nbsp;vapaaohjelma Syksy 2017 \u2013 10-12v pallo-ohjelma\u2013 Tapiola Cup \u2013 kategoria 10\u2013 Pakila Cup \u2013 kategoria 8\u2013 Espoo Cup \u2013 kategoria 7 Kev\u00e4t 2018 \u2013 12-14v kilpasarja vapaaohjelma\u2013 Attitude Cup \u2013 kategoria 4\u2013 Mustan Kissan Cup \u2013 kategoria 5\u2013 HJM Cup \u2013 kategoria 4\u2013 12-14v kilpasarjan mestaruuskilpailut Hyvink\u00e4\u00e4 \u2013 kategoria 4Syksy 2018 \u2013 [&hellip;]<\/p>\n","protected":false},"author":11,"featured_media":0,"parent":0,"menu_order":0,"comment_status":"closed","ping_status":"closed","template":"","meta":{"footnotes":""},"class_list":["post-83","page","type-page","status-publish","hentry"],"_links":{"self":[{"href":"https:\/\/porvoonurheilijat.fi\/jvoimistelu\/wp-json\/wp\/v2\/pages\/83","targetHints":{"allow":["GET"]}}],"collection":[{"href":"https:\/\/porvoonurheilijat.fi\/jvoimistelu\/wp-json\/wp\/v2\/pages"}],"about":[{"href":"https:\/\/porvoonurheilijat.fi\/jvoimistelu\/wp-json\/wp\/v2\/types\/page"}],"author":[{"embeddable":true,"href":"https:\/\/porvoonurheilijat.fi\/jvoimistelu\/wp-json\/wp\/v2\/users\/11"}],"replies":[{"embeddable":true,"href":"https:\/\/porvoonurheilijat.fi\/jvoimistelu\/wp-json\/wp\/v2\/comments?post=83"}],"version-history":[{"count":9,"href":"https:\/\/porvoonurheilijat.fi\/jvoimistelu\/wp-json\/wp\/v2\/pages\/83\/revisions"}],"predecessor-version":[{"id":695,"href":"https:\/\/porvoonurheilijat.fi\/jvoimistelu\/wp-json\/wp\/v2\/pages\/83\/revisions\/695"}],"wp:attachment":[{"href":"https:\/\/porvoonurheilijat.fi\/jvoimistelu\/wp-json\/wp\/v2\/media?parent=83"}],"curies":[{"name":"wp","href":"https:\/\/api.w.org\/{rel}","templated":true}]}}