{"id":1567,"date":"2023-08-30T10:22:43","date_gmt":"2023-08-30T07:22:43","guid":{"rendered":"https:\/\/porvoonurheilijat.fi\/suunnistus\/?page_id=1567"},"modified":"2023-09-29T09:00:01","modified_gmt":"2023-09-29T06:00:01","slug":"porvoon-koulusuunnistus-syys-2023","status":"publish","type":"page","link":"https:\/\/porvoonurheilijat.fi\/suunnistus\/porvoon-koulusuunnistus-syys-2023\/","title":{"rendered":"Porvoon koulusuunnistus syys 2023"},"content":{"rendered":"\n<p>Porvoon koulujen (3 &#8211; 6 lk) suunnistusmestaruuskilpailut 2023 j\u00e4rjestet\u00e4\u00e4n torstaina 28.9.2023 Kokonniemess\u00e4. J\u00e4rjestelyist\u00e4 vastaavat OK Trian ja Porvoon Urheilijoiden suunnistusjaosto yhdess\u00e4 kaupungin liikunnan kanssa. <br>Kilpailukeskuksena toimii maauimalan alue.<\/p>\n\n\n\n<p>OK Trian och orienteringssektionen i Porvoon Urheilijat, PorvU, har av Borg\u00e5s idrottstj\u00e4nster f\u00e5tt i uppdrag att anordna m\u00e4sterskap i orientering f\u00f6r Borg\u00e5-skolorna torsdagen 28.9.2023. Samling vid Kokon badinr\u00e4ttning.<\/p>\n\n\n\n<h2 class=\"wp-block-heading\"><strong>Tulokset\/Results<\/strong><\/h2>\n\n\n\n<p><a href=\"https:\/\/porvoonurheilijat.fi\/suunnistus\/wp-content\/uploads\/sites\/2\/2023\/09\/t20230928.html\">Tulokset Result<\/a>at<br><a href=\"https:\/\/porvoonurheilijat.fi\/suunnistus\/wp-content\/uploads\/sites\/2\/2023\/09\/v20230928.html\">Rastiv\u00e4liajat  Mellantider<\/a><\/p>\n\n\n\n<p><a href=\"https:\/\/oktrian.fi\/fi\/2023\/09\/porvoon-koulujen-suunnistusmestaruudet-aurinkoisessa-kokonniemessa\/\" target=\"_blank\" rel=\"noreferrer noopener\">Juttu kilpailusta<\/a><\/p>\n\n\n\n<h2 class=\"wp-block-heading\"><a href=\"https:\/\/porvoonurheilijat.fi\/suunnistus\/wp-content\/uploads\/sites\/2\/2023\/09\/kilpailuohjeet.pdf\">Kilpailuohje <\/a> <a href=\"https:\/\/porvoonurheilijat.fi\/suunnistus\/wp-content\/uploads\/sites\/2\/2023\/09\/instruktioner.pdf\">Instruktioner<\/a><\/h2>\n\n\n\n<h2 class=\"wp-block-heading\"><strong><a href=\"https:\/\/porvoonurheilijat.fi\/suunnistus\/wp-content\/uploads\/sites\/2\/2023\/08\/2023S_Porvoo_Koululaiskisat_kutsu.pdf\">Kilpailukutsu <\/a>\/<a href=\"https:\/\/porvoonurheilijat.fi\/suunnistus\/wp-content\/uploads\/sites\/2\/2023\/08\/2023S_Borga_Skolmasterskap_inbjudan.pdf\">T\u00e4vlings Inbjudan<\/a><\/strong><\/h2>\n\n\n\n<p class=\"has-vivid-red-color has-text-color\">Huom. Kartan mittakaava 1:7 500  (1 cm kartalla vastaa 75 m maastossa) kutsussa ilmoitetusta poiketen.<\/p>\n\n\n\n<p class=\"has-vivid-red-color has-text-color\">Obs.  Kartans skala 1: 7 500 (1 cm p\u00e5 kartan=75 m i terr\u00e4ngen)<\/p>\n\n\n\n<h2 class=\"wp-block-heading\"><strong>Ilmoittautuminen \/ Anm\u00e4lning<\/strong><\/h2>\n\n\n\n<p>Ilmoittautumiset keskitetysti kouluittain<br>Kirjalliset ilmoittautumiset<a rel=\"noreferrer noopener\" href=\"https:\/\/porvoonurheilijat.fi\/suunnistus\/wp-content\/uploads\/sites\/2\/2023\/08\/2023S_Borga_Skolmasterskap_anmalning-1.xlsx\" target=\"_blank\"> ilmoittautumislomakkeella<\/a> torstaihin 14.9.2023 menness\u00e4 s\u00e4hk\u00f6postitse <a rel=\"noreferrer noopener\" href=\"mailto:heidi.liljestrom@oktrian.fi\" target=\"_blank\">heidi.liljestrom@oktrian.fi<\/a><br>Lis\u00e4tiedot: Heidi Liljestr\u00f6m, <a rel=\"noreferrer noopener\" href=\"mailto:heidi.liljestrom@oktrian.fi\" target=\"_blank\">heidi.liljestrom@oktrian.fi<\/a>, 050 3637488<\/p>\n\n\n\n<p>Anm\u00e4lningarna g\u00f6rs centralt av respektive skola.<br>Skriftliga anm\u00e4lningar p\u00e5 <a rel=\"noreferrer noopener\" href=\"https:\/\/porvoonurheilijat.fi\/suunnistus\/wp-content\/uploads\/sites\/2\/2023\/08\/2023S_Borga_Skolmasterskap_anmalning-1.xlsx\" target=\"_blank\">anm\u00e4lningsblanketten<\/a> per e-post till <a rel=\"noreferrer noopener\" href=\"mailto:heidi.liljestrom@oktrian.fi\" target=\"_blank\">heidi.liljestrom@oktrian.fi<\/a><br>senast torsdagen 14.9.2023<br>Till\u00e4ggsuppgifter: Heidi Liljestr\u00f6m,<a href=\"mailto:heidi.liljestrom@oktrian.fi\" target=\"_blank\" rel=\"noreferrer noopener\"> heidi.liljestrom@oktrian.fi<\/a>, 050 3637488<\/p>\n\n\n\n<figure class=\"wp-block-image size-full\"><img loading=\"lazy\" decoding=\"async\" width=\"800\" height=\"299\" src=\"https:\/\/porvoonurheilijat.fi\/suunnistus\/wp-content\/uploads\/sites\/2\/2023\/03\/koulu_kartalla_logo_vaaka_1.jpg\" alt=\"\" class=\"wp-image-1478\" srcset=\"https:\/\/porvoonurheilijat.fi\/suunnistus\/wp-content\/uploads\/sites\/2\/2023\/03\/koulu_kartalla_logo_vaaka_1.jpg 800w, https:\/\/porvoonurheilijat.fi\/suunnistus\/wp-content\/uploads\/sites\/2\/2023\/03\/koulu_kartalla_logo_vaaka_1-300x112.jpg 300w, https:\/\/porvoonurheilijat.fi\/suunnistus\/wp-content\/uploads\/sites\/2\/2023\/03\/koulu_kartalla_logo_vaaka_1-768x287.jpg 768w\" sizes=\"auto, (max-width: 767px) 89vw, (max-width: 1000px) 54vw, (max-width: 1071px) 543px, 580px\" \/><\/figure>\n\n\n\n<p><\/p>\n\n\n\n<p><strong>Huom. Obs.<\/strong><\/p>\n\n\n\n<p>Porvoon kouluille on tehty kartta koulun pihasta vapaasti koulujen k\u00e4ytt\u00f6\u00f6n. <br>Kartat l\u00f6ytyv\u00e4t t\u00e4\u00e4lt\u00e4: <a rel=\"noreferrer noopener\" href=\"https:\/\/oktrian.fi\/fi\/koulujen-pihakartat\/\" target=\"_blank\">https:\/\/oktrian.fi\/fi\/koulujen-pihakartat\/<\/a><\/p>\n\n\n\n<p>Ocks\u00e5 f\u00f6r er information att det har gjorts en karta \u00f6ver skolg\u00e5rden f\u00f6r alla skolor i Borg\u00e5 f\u00f6r fri anv\u00e4ndning av skolorna. <br>De finns h\u00e4r: <a rel=\"noreferrer noopener\" href=\"https:\/\/oktrian.fi\/skolgardskarto\" target=\"_blank\">https:\/\/oktrian.fi\/skolgardskarto<\/a>r\/<\/p>\n","protected":false},"excerpt":{"rendered":"<p>Porvoon koulujen (3 &#8211; 6 lk) suunnistusmestaruuskilpailut 2023 j\u00e4rjestet\u00e4\u00e4n torstaina 28.9.2023 Kokonniemess\u00e4. J\u00e4rjestelyist\u00e4 vastaavat OK Trian ja Porvoon Urheilijoiden suunnistusjaosto yhdess\u00e4 kaupungin liikunnan kanssa. Kilpailukeskuksena toimii maauimalan alue. OK Trian och orienteringssektionen i Porvoon Urheilijat, PorvU, har av Borg\u00e5s idrottstj\u00e4nster f\u00e5tt i uppdrag att anordna m\u00e4sterskap i orientering f\u00f6r Borg\u00e5-skolorna torsdagen 28.9.2023. Samling vid Kokon &hellip; <\/p>\n<p class=\"link-more\"><a href=\"https:\/\/porvoonurheilijat.fi\/suunnistus\/porvoon-koulusuunnistus-syys-2023\/\" class=\"more-link\">Jatka lukemista<span class=\"screen-reader-text\"> &#8221;Porvoon koulusuunnistus syys 2023&#8221;<\/span><\/a><\/p>\n","protected":false},"author":5,"featured_media":0,"parent":0,"menu_order":0,"comment_status":"closed","ping_status":"closed","template":"","meta":{"footnotes":""},"class_list":["post-1567","page","type-page","status-publish","hentry"],"_links":{"self":[{"href":"https:\/\/porvoonurheilijat.fi\/suunnistus\/wp-json\/wp\/v2\/pages\/1567","targetHints":{"allow":["GET"]}}],"collection":[{"href":"https:\/\/porvoonurheilijat.fi\/suunnistus\/wp-json\/wp\/v2\/pages"}],"about":[{"href":"https:\/\/porvoonurheilijat.fi\/suunnistus\/wp-json\/wp\/v2\/types\/page"}],"author":[{"embeddable":true,"href":"https:\/\/porvoonurheilijat.fi\/suunnistus\/wp-json\/wp\/v2\/users\/5"}],"replies":[{"embeddable":true,"href":"https:\/\/porvoonurheilijat.fi\/suunnistus\/wp-json\/wp\/v2\/comments?post=1567"}],"version-history":[{"count":25,"href":"https:\/\/porvoonurheilijat.fi\/suunnistus\/wp-json\/wp\/v2\/pages\/1567\/revisions"}],"predecessor-version":[{"id":1713,"href":"https:\/\/porvoonurheilijat.fi\/suunnistus\/wp-json\/wp\/v2\/pages\/1567\/revisions\/1713"}],"wp:attachment":[{"href":"https:\/\/porvoonurheilijat.fi\/suunnistus\/wp-json\/wp\/v2\/media?parent=1567"}],"curies":[{"name":"wp","href":"https:\/\/api.w.org\/{rel}","templated":true}]}}