{"id":139,"date":"2017-08-02T22:15:30","date_gmt":"2017-08-02T19:15:30","guid":{"rendered":"http:\/\/porvoonurheilijat.fi\/voimistelu\/?page_id=139"},"modified":"2017-08-02T22:15:30","modified_gmt":"2017-08-02T19:15:30","slug":"varusteet","status":"publish","type":"page","link":"https:\/\/porvoonurheilijat.fi\/voimistelu\/varusteet\/","title":{"rendered":"Varusteet"},"content":{"rendered":"<p><strong>Treenivarustus:<\/strong><\/p>\n<ul>\n<li>trikoot, pojilla sortsit<\/li>\n<li>istuva, lyhythihainen tai hihaton joustava ja istuva paita (sellainen paita, jotta voit tehd\u00e4 k\u00e4sinseisonnan ilman, ett\u00e4 paita valahtaa kainaloihin)<\/li>\n<li>paljaat jalat<\/li>\n<li>hiukset aina kiinni; letitettyin\u00e4 tai poninh\u00e4nn\u00e4ll\u00e4<\/li>\n<li>EI korva-, kaula- tai muita koruja, koska ne saattavat aiheuttaa turvallisuusriskin<\/li>\n<li>juomapullo, jossa on vett\u00e4, ei energiajuomia tai muita makeita juotavia<\/li>\n<\/ul>\n","protected":false},"excerpt":{"rendered":"<p>Treenivarustus: trikoot, pojilla sortsit istuva, lyhythihainen tai hihaton joustava ja istuva paita (sellainen paita, jotta voit tehd\u00e4 k\u00e4sinseisonnan ilman, ett\u00e4 paita valahtaa kainaloihin) paljaat jalat hiukset aina kiinni; letitettyin\u00e4 tai poninh\u00e4nn\u00e4ll\u00e4 EI korva-, kaula- tai muita koruja, koska ne saattavat aiheuttaa turvallisuusriskin juomapullo, jossa on vett\u00e4, ei energiajuomia tai muita makeita juotavia<\/p>\n","protected":false},"author":3,"featured_media":0,"parent":0,"menu_order":0,"comment_status":"closed","ping_status":"closed","template":"","meta":{"footnotes":""},"class_list":["post-139","page","type-page","status-publish","hentry"],"_links":{"self":[{"href":"https:\/\/porvoonurheilijat.fi\/voimistelu\/wp-json\/wp\/v2\/pages\/139","targetHints":{"allow":["GET"]}}],"collection":[{"href":"https:\/\/porvoonurheilijat.fi\/voimistelu\/wp-json\/wp\/v2\/pages"}],"about":[{"href":"https:\/\/porvoonurheilijat.fi\/voimistelu\/wp-json\/wp\/v2\/types\/page"}],"author":[{"embeddable":true,"href":"https:\/\/porvoonurheilijat.fi\/voimistelu\/wp-json\/wp\/v2\/users\/3"}],"replies":[{"embeddable":true,"href":"https:\/\/porvoonurheilijat.fi\/voimistelu\/wp-json\/wp\/v2\/comments?post=139"}],"version-history":[{"count":1,"href":"https:\/\/porvoonurheilijat.fi\/voimistelu\/wp-json\/wp\/v2\/pages\/139\/revisions"}],"predecessor-version":[{"id":140,"href":"https:\/\/porvoonurheilijat.fi\/voimistelu\/wp-json\/wp\/v2\/pages\/139\/revisions\/140"}],"wp:attachment":[{"href":"https:\/\/porvoonurheilijat.fi\/voimistelu\/wp-json\/wp\/v2\/media?parent=139"}],"curies":[{"name":"wp","href":"https:\/\/api.w.org\/{rel}","templated":true}]}}