{"id":24,"date":"2017-07-24T13:27:52","date_gmt":"2017-07-24T10:27:52","guid":{"rendered":"http:\/\/porvoonurheilijat.int2000.net\/yleisurheilu\/?page_id=24"},"modified":"2023-04-04T13:01:40","modified_gmt":"2023-04-04T10:01:40","slug":"kilpailut","status":"publish","type":"page","link":"https:\/\/porvoonurheilijat.fi\/yleisurheilu\/kilpailut\/","title":{"rendered":"Kilpailut"},"content":{"rendered":"<h3>2023 Porvoossa j\u00e4rjestett\u00e4vi\u00e4 lasten ja nuorten yleisurheilukilpailuja<\/h3>\n<ul>\n<li>31.5. Viikkokisa 1. keskuskentt\u00e4 8-15v<\/li>\n<li>5.6. Porvoon lasten olympialaiset 5-vuotiaista alkaen, keskuskentt\u00e4<\/li>\n<li>27.6. Viikkokisa 2. keskuskentt\u00e4 8-15v<\/li>\n<li>1.8. Viikkokisa 3. keskuskentt\u00e4 8-15v<\/li>\n<li>16.8. Vasakisat, keskuskentt\u00e4 9-13v<\/li>\n<li>19.8. Porvoon Huippukisat, keskuskentt\u00e4, sarjat 9-vuotiaista alkaen<\/li>\n<li>23.8. Viikkokisa 4. keskuskentt\u00e4 8-15v<\/li>\n<li>26.8. Hippojuoksut, keskuskentt\u00e4<\/li>\n<li>27.8. Uudenmaanpiirin junnuottelut 2. 9.15v, keskuskentt\u00e4<\/li>\n<\/ul>\n\n\n<p><\/p>\n","protected":false},"excerpt":{"rendered":"<p>2023 Porvoossa j\u00e4rjestett\u00e4vi\u00e4 lasten ja nuorten yleisurheilukilpailuja 31.5. Viikkokisa 1. keskuskentt\u00e4 8-15v 5.6. Porvoon lasten olympialaiset 5-vuotiaista alkaen, keskuskentt\u00e4 27.6. Viikkokisa 2. keskuskentt\u00e4 8-15v 1.8. Viikkokisa 3. keskuskentt\u00e4 8-15v 16.8. Vasakisat, keskuskentt\u00e4 9-13v 19.8. Porvoon Huippukisat, keskuskentt\u00e4, sarjat 9-vuotiaista alkaen 23.8. Viikkokisa 4. keskuskentt\u00e4 8-15v 26.8. Hippojuoksut, keskuskentt\u00e4 27.8. Uudenmaanpiirin junnuottelut 2. 9.15v, keskuskentt\u00e4<\/p>\n","protected":false},"author":4,"featured_media":0,"parent":0,"menu_order":0,"comment_status":"closed","ping_status":"closed","template":"","meta":{"footnotes":""},"class_list":["post-24","page","type-page","status-publish","hentry","no-featured-image"],"_links":{"self":[{"href":"https:\/\/porvoonurheilijat.fi\/yleisurheilu\/wp-json\/wp\/v2\/pages\/24","targetHints":{"allow":["GET"]}}],"collection":[{"href":"https:\/\/porvoonurheilijat.fi\/yleisurheilu\/wp-json\/wp\/v2\/pages"}],"about":[{"href":"https:\/\/porvoonurheilijat.fi\/yleisurheilu\/wp-json\/wp\/v2\/types\/page"}],"author":[{"embeddable":true,"href":"https:\/\/porvoonurheilijat.fi\/yleisurheilu\/wp-json\/wp\/v2\/users\/4"}],"replies":[{"embeddable":true,"href":"https:\/\/porvoonurheilijat.fi\/yleisurheilu\/wp-json\/wp\/v2\/comments?post=24"}],"version-history":[{"count":14,"href":"https:\/\/porvoonurheilijat.fi\/yleisurheilu\/wp-json\/wp\/v2\/pages\/24\/revisions"}],"predecessor-version":[{"id":3576,"href":"https:\/\/porvoonurheilijat.fi\/yleisurheilu\/wp-json\/wp\/v2\/pages\/24\/revisions\/3576"}],"wp:attachment":[{"href":"https:\/\/porvoonurheilijat.fi\/yleisurheilu\/wp-json\/wp\/v2\/media?parent=24"}],"curies":[{"name":"wp","href":"https:\/\/api.w.org\/{rel}","templated":true}]}}

<h3>2023 Porvoossa järjestettäviä lasten ja nuorten yleisurheilukilpailuja</h3>
<ul>
<li>31.5. Viikkokisa 1. keskuskenttä 8-15v</li>
<li>5.6. Porvoon lasten olympialaiset 5-vuotiaista alkaen, keskuskenttä</li>
<li>27.6. Viikkokisa 2. keskuskenttä 8-15v</li>
<li>1.8. Viikkokisa 3. keskuskenttä 8-15v</li>
<li>16.8. Vasakisat, keskuskenttä 9-13v</li>
<li>19.8. Porvoon Huippukisat, keskuskenttä, sarjat 9-vuotiaista alkaen</li>
<li>23.8. Viikkokisa 4. keskuskenttä 8-15v</li>
<li>26.8. Hippojuoksut, keskuskenttä</li>
<li>27.8. Uudenmaanpiirin junnuottelut 2. 9.15v, keskuskenttä</li>
</ul>


<p></p>

<p>2023 Porvoossa järjestettäviä lasten ja nuorten yleisurheilukilpailuja 31.5. Viikkokisa 1. keskuskenttä 8-15v 5.6. Porvoon lasten olympialaiset 5-vuotiaista alkaen, keskuskenttä 27.6. Viikkokisa 2. keskuskenttä 8-15v 1.8. Viikkokisa 3. keskuskenttä 8-15v 16.8. Vasakisat, keskuskenttä 9-13v 19.8. Porvoon Huippukisat, keskuskenttä, sarjat 9-vuotiaista alkaen 23.8. Viikkokisa 4. keskuskenttä 8-15v 26.8. Hippojuoksut, keskuskenttä 27.8. Uudenmaanpiirin junnuottelut 2. 9.15v, keskuskenttä</p>
