{"id":3524,"date":"2022-12-21T13:58:07","date_gmt":"2022-12-21T11:58:07","guid":{"rendered":"https:\/\/porvoonurheilijat.fi\/yleisurheilu\/?page_id=3524"},"modified":"2022-12-21T13:58:07","modified_gmt":"2022-12-21T11:58:07","slug":"suomenkylan-testijuoksu-2022-tulokset","status":"publish","type":"page","link":"https:\/\/porvoonurheilijat.fi\/yleisurheilu\/kilpailut\/5km-suomenkylan-testijuoksu\/suomenkylan-testijuoksu-2022-tulokset\/","title":{"rendered":"Suomenkyl\u00e4n testijuoksu 2022 tulokset"},"content":{"rendered":"\n<p><strong>Miehet 5km<\/strong><br>1. Niilo M\u00f6ls\u00e4 18.02,6<br>2. Mikko Koli 19.54,9<br>3. Sam Fransman 21.47,1<br>4. Tom Palmgren 22.09,7<\/p>\n\n\n\n<p><strong>Naiset 5km<\/strong><br>1. Minttu Kangasniemi 23.37,7<\/p>\n\n\n\n<p><strong>Pojat 15<\/strong><strong>3km<\/strong><br>1. Aaro Jaakkola 10.44,1<br>2. Alex Ahlgren 11.12,5<br>3. Oskari Piirainen 11.15,9<br>4. Anton Myrtenblad 11.38,2<\/p>\n\n\n\n<p><strong>Tyt\u00f6t 15<\/strong><strong>3km<\/strong><br>1. Miisa M\u00e4itt\u00e4l\u00e4 11.38,3<\/p>\n\n\n\n<p><strong>Pojat 13 2km<\/strong><br>1. Filip Nystr\u00f6m 7.07,3<br>2. Luka Soiramo 8.34,3<\/p>\n\n\n\n<p><strong>Tyt\u00f6t 13 2km<\/strong><br>1. Katja Hannen 7.13,1<br>2. Ronja Hannen 7.36,8<br>3. Elli Mattila 8.11,0<\/p>\n\n\n\n<p><strong>Tyt\u00f6t 11 2km<\/strong><br>1. Minea Haapsalo 6.22,6<br>2. Serafia Piirainen 6.37,5<br>3. Sira Nieminen 6.39,3<\/p>\n\n\n\n<p><strong>Pojat 9<\/strong><br>1. Joonathan Palom\u00e4ki 4.25,8<\/p>\n\n\n\n<p><strong>Tyt\u00f6t 9<\/strong><br>1. Liisa Myyr\u00e4 4.09,0<br>2. Elsi Palola 4.14,5<br>3. Nala Lassenius 4.25,6<\/p>\n\n\n\n<p><strong>Pojat 7<\/strong><br>1. Eetu Tiili 2.10,2<\/p>\n","protected":false},"excerpt":{"rendered":"<p>Miehet 5km1. Niilo M\u00f6ls\u00e4 18.02,62. Mikko Koli 19.54,93. Sam Fransman 21.47,14. Tom Palmgren 22.09,7 Naiset 5km1. Minttu Kangasniemi 23.37,7 Pojat 153km1. Aaro Jaakkola 10.44,12. Alex Ahlgren 11.12,53. Oskari Piirainen 11.15,94. Anton Myrtenblad 11.38,2 Tyt\u00f6t 153km1. Miisa M\u00e4itt\u00e4l\u00e4 11.38,3 Pojat 13 2km1. Filip Nystr\u00f6m 7.07,32. Luka Soiramo 8.34,3 Tyt\u00f6t 13 2km1. Katja Hannen 7.13,12. Ronja Hannen &hellip; <a href=\"https:\/\/porvoonurheilijat.fi\/yleisurheilu\/kilpailut\/5km-suomenkylan-testijuoksu\/suomenkylan-testijuoksu-2022-tulokset\/\" class=\"more-link\">Jatka artikkeliin <span class=\"screen-reader-text\">Suomenkyl\u00e4n testijuoksu 2022 tulokset<\/span><\/a><\/p>\n","protected":false},"author":10,"featured_media":0,"parent":671,"menu_order":0,"comment_status":"closed","ping_status":"closed","template":"","meta":{"footnotes":""},"class_list":["post-3524","page","type-page","status-publish","hentry","no-featured-image"],"_links":{"self":[{"href":"https:\/\/porvoonurheilijat.fi\/yleisurheilu\/wp-json\/wp\/v2\/pages\/3524","targetHints":{"allow":["GET"]}}],"collection":[{"href":"https:\/\/porvoonurheilijat.fi\/yleisurheilu\/wp-json\/wp\/v2\/pages"}],"about":[{"href":"https:\/\/porvoonurheilijat.fi\/yleisurheilu\/wp-json\/wp\/v2\/types\/page"}],"author":[{"embeddable":true,"href":"https:\/\/porvoonurheilijat.fi\/yleisurheilu\/wp-json\/wp\/v2\/users\/10"}],"replies":[{"embeddable":true,"href":"https:\/\/porvoonurheilijat.fi\/yleisurheilu\/wp-json\/wp\/v2\/comments?post=3524"}],"version-history":[{"count":1,"href":"https:\/\/porvoonurheilijat.fi\/yleisurheilu\/wp-json\/wp\/v2\/pages\/3524\/revisions"}],"predecessor-version":[{"id":3525,"href":"https:\/\/porvoonurheilijat.fi\/yleisurheilu\/wp-json\/wp\/v2\/pages\/3524\/revisions\/3525"}],"up":[{"embeddable":true,"href":"https:\/\/porvoonurheilijat.fi\/yleisurheilu\/wp-json\/wp\/v2\/pages\/671"}],"wp:attachment":[{"href":"https:\/\/porvoonurheilijat.fi\/yleisurheilu\/wp-json\/wp\/v2\/media?parent=3524"}],"curies":[{"name":"wp","href":"https:\/\/api.w.org\/{rel}","templated":true}]}}