{"id":45,"date":"2017-07-24T20:39:53","date_gmt":"2017-07-24T17:39:53","guid":{"rendered":"http:\/\/porvoonurheilijat.int2000.net\/yleisurheilu\/?page_id=45"},"modified":"2025-08-21T13:53:35","modified_gmt":"2025-08-21T10:53:35","slug":"viikkokisat","status":"publish","type":"page","link":"https:\/\/porvoonurheilijat.fi\/yleisurheilu\/kilpailut\/viikkokisat\/","title":{"rendered":"Lasten Juniorikisat"},"content":{"rendered":"<p>Lasten viikkokisat j\u00e4rjestet\u00e4\u00e4n yhteisty\u00f6ss\u00e4 Porvoon Urheilijat \/ Akilles. Kilpailusarjan yhteispisteiss\u00e4 parhaiten sijoittuneet palkitaan syksyll\u00e4 erillisess\u00e4 palkintojenjakotilaisuudessa.<\/p>\n<p><strong>Vuonna 2025 Viikkokisat, eli Juniorikisat j\u00e4rjestet\u00e4\u00e4n Porvoon keskusurheilukent\u00e4ll\u00e4 seuraavasti:<\/strong><\/p>\n<ul>\n<li>11.6.<\/li>\n<li>24.6.<\/li>\n<li>5.8.<\/li>\n<li>18.8.<\/li>\n<\/ul>\n<p><strong>Viikkokilpailujen sarjat ovat:<\/strong><\/p>\n<ul>\n<li>T\/P 8v\/9v (2016\/2015 -syntyneet ja sit\u00e4 nuoremmat)<\/li>\n<li>T\/P 10v\/11v (2015\/2014 -syntyneet)<\/li>\n<li>T\/P 12v\/13v (2013\/2012-syntyneet)<\/li>\n<li>T\/P 14v\/15v (2011\/2010-syntyneet)<\/li>\n<\/ul>\n<p>Kilpailujen tarkemmat lajiohjelmat sek\u00e4 aikataulut l\u00f6ytyv\u00e4t\u00a0<a href=\"https:\/\/www.akilles.fi\/friidrott\/borga-juniortavlingar-2025-porvoon-junorikisat\/\">t\u00e4st\u00e4 linkist\u00e4<\/a><\/p>\n<p><strong>Ilmoittautumiset:<\/strong><\/p>\n<ul>\n<li><a href=\"http:\/\/www.kilpailukalenteri.fi\/\" target=\"_blank\" rel=\"noopener noreferrer\">Kilpailukalenterin<\/a> kautta (ne, joilla on voimassa oleva lisenssi)<\/li>\n<li>Viikkokisoihin ei ole ilmoittautumismaksua!<\/li>\n<\/ul>\n<p>*Ulkopaikkakuntalaiset ovat tervetulleita, mutta vain porvoolaisten seurojen urheilijat palkitaan<\/p>\n<h3><em>Kaikki mukaan kilpailemaan!<\/em><\/h3>\n","protected":false},"excerpt":{"rendered":"<p>Lasten viikkokisat j\u00e4rjestet\u00e4\u00e4n yhteisty\u00f6ss\u00e4 Porvoon Urheilijat \/ Akilles. Kilpailusarjan yhteispisteiss\u00e4 parhaiten sijoittuneet palkitaan syksyll\u00e4 erillisess\u00e4 palkintojenjakotilaisuudessa. Vuonna 2025 Viikkokisat, eli Juniorikisat j\u00e4rjestet\u00e4\u00e4n Porvoon keskusurheilukent\u00e4ll\u00e4 seuraavasti: 11.6. 24.6. 5.8. 18.8. Viikkokilpailujen sarjat ovat: T\/P 8v\/9v (2016\/2015 -syntyneet ja sit\u00e4 nuoremmat) T\/P 10v\/11v (2015\/2014 -syntyneet) T\/P 12v\/13v (2013\/2012-syntyneet) T\/P 14v\/15v (2011\/2010-syntyneet) Kilpailujen tarkemmat lajiohjelmat sek\u00e4 aikataulut l\u00f6ytyv\u00e4t\u00a0t\u00e4st\u00e4 &hellip; <a href=\"https:\/\/porvoonurheilijat.fi\/yleisurheilu\/kilpailut\/viikkokisat\/\" class=\"more-link\">Jatka artikkeliin <span class=\"screen-reader-text\">Lasten Juniorikisat<\/span><\/a><\/p>\n","protected":false},"author":4,"featured_media":0,"parent":24,"menu_order":0,"comment_status":"closed","ping_status":"closed","template":"templates\/full-width-page.php","meta":{"footnotes":""},"class_list":["post-45","page","type-page","status-publish","hentry","no-featured-image"],"_links":{"self":[{"href":"https:\/\/porvoonurheilijat.fi\/yleisurheilu\/wp-json\/wp\/v2\/pages\/45","targetHints":{"allow":["GET"]}}],"collection":[{"href":"https:\/\/porvoonurheilijat.fi\/yleisurheilu\/wp-json\/wp\/v2\/pages"}],"about":[{"href":"https:\/\/porvoonurheilijat.fi\/yleisurheilu\/wp-json\/wp\/v2\/types\/page"}],"author":[{"embeddable":true,"href":"https:\/\/porvoonurheilijat.fi\/yleisurheilu\/wp-json\/wp\/v2\/users\/4"}],"replies":[{"embeddable":true,"href":"https:\/\/porvoonurheilijat.fi\/yleisurheilu\/wp-json\/wp\/v2\/comments?post=45"}],"version-history":[{"count":14,"href":"https:\/\/porvoonurheilijat.fi\/yleisurheilu\/wp-json\/wp\/v2\/pages\/45\/revisions"}],"predecessor-version":[{"id":4048,"href":"https:\/\/porvoonurheilijat.fi\/yleisurheilu\/wp-json\/wp\/v2\/pages\/45\/revisions\/4048"}],"up":[{"embeddable":true,"href":"https:\/\/porvoonurheilijat.fi\/yleisurheilu\/wp-json\/wp\/v2\/pages\/24"}],"wp:attachment":[{"href":"https:\/\/porvoonurheilijat.fi\/yleisurheilu\/wp-json\/wp\/v2\/media?parent=45"}],"curies":[{"name":"wp","href":"https:\/\/api.w.org\/{rel}","templated":true}]}}

<p>Lasten viikkokisat järjestetään yhteistyössä Porvoon Urheilijat / Akilles. Kilpailusarjan yhteispisteissä parhaiten sijoittuneet palkitaan syksyllä erillisessä palkintojenjakotilaisuudessa.</p>
<p><strong>Vuonna 2025 Viikkokisat, eli Juniorikisat järjestetään Porvoon keskusurheilukentällä seuraavasti:</strong></p>
<ul>
<li>11.6.</li>
<li>24.6.</li>
<li>5.8.</li>
<li>18.8.</li>
</ul>
<p><strong>Viikkokilpailujen sarjat ovat:</strong></p>
<ul>
<li>T/P 8v/9v (2016/2015 -syntyneet ja sitä nuoremmat)</li>
<li>T/P 10v/11v (2015/2014 -syntyneet)</li>
<li>T/P 12v/13v (2013/2012-syntyneet)</li>
<li>T/P 14v/15v (2011/2010-syntyneet)</li>
</ul>
<p>Kilpailujen tarkemmat lajiohjelmat sekä aikataulut löytyvät <a href="https://www.akilles.fi/friidrott/borga-juniortavlingar-2025-porvoon-junorikisat/">tästä linkistä</a></p>
<p><strong>Ilmoittautumiset:</strong></p>
<ul>
<li><a href="http://www.kilpailukalenteri.fi/" target="_blank" rel="noopener noreferrer">Kilpailukalenterin</a> kautta (ne, joilla on voimassa oleva lisenssi)</li>
<li>Viikkokisoihin ei ole ilmoittautumismaksua!</li>
</ul>
<p>*Ulkopaikkakuntalaiset ovat tervetulleita, mutta vain porvoolaisten seurojen urheilijat palkitaan</p>
<h3><em>Kaikki mukaan kilpailemaan!</em></h3>

<p>Lasten viikkokisat järjestetään yhteistyössä Porvoon Urheilijat / Akilles. Kilpailusarjan yhteispisteissä parhaiten sijoittuneet palkitaan syksyllä erillisessä palkintojenjakotilaisuudessa. Vuonna 2025 Viikkokisat, eli Juniorikisat järjestetään Porvoon keskusurheilukentällä seuraavasti: 11.6. 24.6. 5.8. 18.8. Viikkokilpailujen sarjat ovat: T/P 8v/9v (2016/2015 -syntyneet ja sitä nuoremmat) T/P 10v/11v (2015/2014 -syntyneet) T/P 12v/13v (2013/2012-syntyneet) T/P 14v/15v (2011/2010-syntyneet) Kilpailujen tarkemmat lajiohjelmat sekä aikataulut löytyvät tästä &hellip; <a href="https://porvoonurheilijat.fi/yleisurheilu/kilpailut/viikkokisat/" class="more-link">Jatka artikkeliin <span class="screen-reader-text">Lasten Juniorikisat</span></a></p>
